*o = 6*o + 20*o. Let k(a) = o*a - 3475*a**2 + 3493*a**2 + a. Give k(-1).
17
Let n(m) = m**3 + 4*m**2 + 3*m + 3. Let z(u) = -u + 20. Let c be z(18). Suppose -6*l + c*g = -2*l + 14, 3*l + 8 = -g. Calculate n(l).
3
Let v(i) = -12*i - 25. Let l = 2167 - 2172. Give v(l).
35
Let h be (-46)/(-6) + (120/(-18))/10. Let t(s) = 16*s - s**3 - 20*s + 5 - 3*s + h*s**2. Give t(6).
-1
Let s = -58 + 74. Suppose -p + 3*p - o = -4, 0 = 2*p - 4*o + s. Let j(n) = -2*n**2 - 4 + 2*n + p*n**2 - n + n**2. Calculate j(4).
-16
Let k(i) be the third derivative of -i**5/30 + i**4 - 17*i**3/3 - 3513*i**2. Give k(10).
6
Let f(i) = 5*i**2 + 3*i + 25. Let g(c) = -21*c**2 + 20*c**2 - 32*c - 5 + 31*c. Let m(n) = -2*f(n) - 11*g(n). Give m(-5).
5
Let a(g) = -2*g**3 - 17*g**2 - 7*g + 54. Let u be a(-2). Let s(z) = -z**2 + 7*z + 147. Calculate s(u).
3
Let w be (-4 - -5)*(0 - 2)*2. Let v be 2/(-8) - w/16. Let y(k) = 0 - k**3 + v + 0*k**2 + 5 + 12*k**2 - 11*k. Give y(11).
5
Let t(x) = 2*x**3 + 138*x**2 - 18. Let n be t(-69). Let y(j) = -j - 3. Give y(n).
15
Let a(w) = -667263*w**2 + 32 + 60 + 667261*w**2 - 33 + 35*w. Give a(19).
2
Suppose -5*l + 13 = 3. Suppose -3*d - 5*j + 0*j + 13 = 0, 4*d - 26 = l*j. Let m(g) = -5*g + 4. Let f(z) = -4*z + 3. Let y(u) = d*f(u) - 5*m(u). What is y(2)?
0
Let h = -15 + 16. Let i(s) = 4*s + h - 7 + 3. Suppose -44*g + 20 = 5*q - 49*g, -3*q + 2*g + 12 = 0. Calculate i(q).
13
Let i(f) = -1317*f**3 + 2626*f**3 - 1310*f**3 - f + 12 + 6*f. Give i(0).
12
Suppose -2*o - 4*h - h = -15, -o + 5*h = -15. Let y = -407 - -409. Suppose -g + o = -3*m + m, 5*g = -3*m - y. Let d(b) = 3*b - 3. Determine d(g).
3
Let o(j) = -6*j + 149. Let l be -1 + 6 - (-21 + 20 - 11). Determine o(l).
47
Let p(r) be the third derivative of -r**5/30 - 7*r**4/24 - 13*r**3/6 + 2857*r**2. Determine p(-6).
-43
Let v be ((-5)/(-3))/(741/(-108) + 7). Suppose -8*k - 3*d = -5*k + v, 2*k + 3*d + 6 = 0. Let s(b) = -b**2 - 5*b - 6. Give s(k).
-12
Let d be (-1656)/851 - 14/259. Let m(a) be the second derivative of 1/4*a**4 - a**2 + 1/3*a**3 + 1/10*a**5 + 0 + 2*a. Give m(d).
-10
Suppose 0 = 2*l - m + 337 - 379, -m = 5*l - 84. Let p(a) = -2*a - 55. Give p(l).
-91
Let l(j) be the third derivative of -j**6/120 - 11*j**5/60 + 17*j**4/24 + 14*j**3/3 + 973*j**2. Give l(-12).
-32
Let a(c) = 2*c. Let y(d) = -17*d + 1. Let v(n) = -3*a(n) + y(n). Let f(i) = 5 + 8*i - 6*i - 3*i. Let j be f(4). Calculate v(j).
-22
Let h = -18503 + 18444. Let s(q) = -q**3 - 59*q**2 + 3*q + 182. What is s(h)?
5
Let x(r) = 65*r**3 + 11*r**2 + 16*r - 29. Let f(y) = 14*y**3 + 2*y**2 + 3*y - 6. Let h(d) = -14*f(d) + 3*x(d). Give h(6).
-3
Let y(b) = 144*b + 2164. Let f be y(-15). Let i(a) = -a**2 - 4*a + 7. Give i(f).
-25
Suppose -354*w - 4*a + 87 = -351*w, -4*w + 136 = 2*a. Let k(j) = -j**2 + 21*j + 596. Determine k(w).
4
Let h(k) = -k**3 + 9*k**2 - 10*k + 11. Let m be ((-1111)/99 - 6/(-27))*-55. Let z = m - 597. What is h(z)?
-5
Let k = 129 - 118. Let y(f) = -5*f - k + 7 + 4. Determine y(-1).
5
Let h(w) be the second derivative of w**3 - w**2/2 - 6*w. Let z be 6/390*335 - 2/13. Give h(z).
29
Let s be (-1 - (-9 + 16) - -10)/(0 - 1). Let w(i) be the third derivative of -i**2 + 0*i + 1/6*i**4 - 1/3*i**3 + 0. Determine w(s).
-10
Let t = -109 + 110. Let s(v) = -9*v + 24. Let i(k) = -k - 1. Let o(y) = t*s(y) - 4*i(y). Calculate o(6).
-2
Suppose -2*l + 18 = 4*s, 0 = 2*l - 32 + 34. Let j(x) = -3*x + 12. Give j(s).
-3
Let c(l) = l**3 + 28*l**2 - 31*l - 68. Let b = 32187 - 32216. What is c(b)?
-10
Let b = 13 + -34. Let m be 1/(-2) + b*(-2)/12. Let f be ((-8)/(-4) + m)/(-1). Let h(g) = g + 2. Give h(f).
-3
Suppose -72*f - 67*f = 51*f - 380. Let m(u) = -5*u**3 - 4*u**2 + 7*u. Give m(f).
-42
Let y(d) = 7*d + 328. Let h be y(-46). Let r be -6 + 146/h - 2/(-3). Let v(u) = u**3 - 20*u**2 + 18*u + 16. Give v(r).
-3
Let u(i) be the first derivative of i**3/3 + i**2 - 1314. Determine u(-1).
-1
Let n(v) = -v + 10. Let d be 6576/60 - 6/10. Suppose -u + 35 = -5*x, 31 = 4*u + x - d. Suppose -27*t = -34*t + u. Calculate n(t).
5
Let d(w) be the second derivative of -8*w**3/3 - 4*w**2 + 4346*w. Calculate d(-1).
8
Let z(y) = 2*y**2 + 18*y - 4. Let s be -8 + 28/(448/(-48)). Calculate z(s).
40
Let g(q) = -25 - 30 + 71 + 9*q - 48 - 20. Calculate g(7).
11
Let x = 374 - 347. Suppose -5*m = 2*i - 32, -4*m + x = m - 3*i. Let q(s) = s + 2. Calculate q(m).
8
Let b be 6/(-36) - 74*(-4)/48. Let z(h) be the third derivative of 1/24*h**4 + 0 - 5/6*h**3 + 0*h - 8*h**2. What is z(b)?
1
Let i(c) = 91*c**2 - 3*c - 6. Let y be i(3). Let x be (-1)/2*y/(-6). Let a = x - 64. Let b(m) = -m**2 + 5*m - 1. What is b(a)?
5
Suppose 19 = -4*m + 3. Let p(z) be the third derivative of z**5/30 + 3*z**4/8 - 2*z**3/3 + 133*z**2. Let k be p(m). Let g(x) = x**2 + 10*x + 10. Give g(k).
-6
Let i be ((-2)/6)/((-2)/42). Let z(x) = 5 + 0 - 7 - 3*x - 4 - 4 + 28*x**2. Let u(b) = 9*b**2 - b - 3. Let o(y) = i*u(y) - 2*z(y). What is o(-1)?
7
Let g be 8 + 5 + (-12)/3. Let n(a) = -3*a - g + 2*a + 3*a. Suppose 10*z - 59 = 11. What is n(z)?
5
Suppose -3*n + 2*v + 31 = 0, 0 = -3*n + 6*n + 5*v + 4. Let a(z) be the second derivative of z**5/20 - 7*z**4/12 - z**3/6 + z**2 - 72*z. Calculate a(n).
-5
Let h = 41 - 44. Let v be 1 - 1*(-1 + h). Suppose v*t - 14 + 9 = 0. Let i(d) = 10*d**3 + 2*d**2 - 2*d + 1. Determine i(t).
11
Let g(j) = 7 + 0 - 1646*j - j**3 + 1630*j - j**3 - 14*j**2 + 3*j**3. Let d(b) = -5*b - 5. Let p be d(-4). Calculate g(p).
-8
Let o(d) = d**2 + 4*d - 6. Suppose -z + 2*m + 8 + 5 = 0, 3*z - 5*m = 38. Suppose 3*i = 1 + z, -2*i = -2*x - 20. Give o(x).
6
Let q(b) be the first derivative of -5*b**2 + 47*b + 1632. Calculate q(5).
-3
Let g(q) = q**3 - 20*q**2 + 88*q + 53. Let l be g(8). Let u(w) = w**3 + 10*w**2 - 14*w - 21. Calculate u(l).
12
Suppose -1368 = -129*b - 42*b. Let v(z) = -z**3 + 8*z**2 + 2*z - 19. Determine v(b).
-3
Let f be (-2)/4 + (-1)/2 - -14. Let l be -10 + f + (1 - 0). Let k(b) = b**3 - 5*b**2 - b - 2. What is k(l)?
-22
Let t(p) = -p**3 - p**2 + 4. Suppose 13 = -2*h + 5, 0 = -5*o - 5*h - 65. Let j(z) = -3*z**2 - 25*z + 18. Let s be j(o). What is t(s)?
4
Let y(f) = -f**3 - 2*f**2 + 2*f + 1. Let g = -2 - 7. Let v = 11 + g. Suppose -v*x - x = -6. Determine y(x).
-11
Let m = -830 - -822. Let v(j) = -2*j**3 + 14*j**2 + 3*j + 12. Let s(u) = -u**3 + 12*u**2 + 3*u + 11. Let b(z) = 3*s(z) - 2*v(z). What is b(m)?
-15
Let s be 0/(7/3 + 2/(-6)). Let i(t) = -4*t + 5 - 3*t**2 - 5*t + 6*t**2 + s*t. Let d(b) = b**2 - b. Let a(u) = -2*d(u) + i(u). Give a(5).
-5
Let f(v) = -v**3 - 11*v**2 + 44*v + 29. Let b = 6439 + -6453. Calculate f(b).
1
Let w(y) = -3*y - 8 + y**3 - 81*y**2 + 78*y**2 - y + 0 + 1. Determine w(5).
23
Let a(l) = 2*l**3 + l**2 - 1. Let h be a(1). Suppose -9 = -h*j - j. Let v(u) = -35 + 2*u + 17 + 10 - j*u. Give v(6).
-14
Let z(x) = 7 - 32715504*x + 8 + 32715501*x. Let d(t) = t + 3. Let u be d(3). Determine z(u).
-3
Let y(g) = -11*g**2 + 41*g + 26. Let m(h) = 7*h**2 - 27*h - 17. Suppose 1148 = -15*w + 278. Let x = w - -63. Let p(z) = x*y(z) + 8*m(z). Determine p(11).
-6
Let q(u) = -3*u - 1. Let d = -212 + 197. Let m be 5/d*(6 - 3). What is q(m)?
2
Let v(r) = -r**3 - 2*r**2 + 2*r - 1. Suppose -73 = 5*h + 27. Let w(t) = -t**3 - 18*t**2 + 42*t + 37. Let a be w(h). Give v(a).
2
Suppose 43999*t = 43997*t + 6. Let f(p) be the third derivative of 0*p**4 - 1/60*p**6 - 23*p**2 + 0 - 1/60*p**5 + 1/3*p**t + 0*p. Determine f(2).
-18
Suppose 0 = s + s + 2. Let y(g) = -16*g - 134. Let k be y(-9). Let l(t) = -7*t - k*t + 16*t. Calculate l(s).
1
Let a(f) = -2*f**3 - 11*f**2 - 2*f - 3. Let h(g) = -8*g**3 - 46*g**2 - 8*g - 14. Let i(y) = 17*a(y) - 4*h(y). Determine i(-4).
93
Let h(c) = -5*c - 75. Let o = -2579 - -2561. Calculate h(o).
15
Let d(w) = -18*w**2 - 2*w + 1. Let a = -113 - -118. Suppose -4*t + 23*f - 24*f + 9 = 0, -t - 24 = -a*f. Give d(t).
-19
Let l = 10527 + -10525. Let h(d) = 6*d - 27. Give h(l).
-15
Let b(r) = 3*r - 71. Let d(p) = -6*p + 135. Let m be 6*(-10)/(-20)*-3*1. Let s(n) = m*b(n) - 5*d(n). What is s(12)?
0
Let a(h) = 98 + 2*h**3 - 43 - 2*h - 51. Let m(y) = -y**3 + 13*y**2 + 56*y - 130. Let l be m(16). Calculate a(l).
-8
Let m(o) = -4*o + 36. Let q(l) = -14*l + 1431. Let b be q(101). Calculate m(b).
-32
Let n(v) = 19*v + 15. Let d(z) = 9*z + 7. Let f(k) = -7*d(k) + 3*n(k). Suppo